 the second derivative of i(y). Calculate g(5).
-4
Suppose o = v - 3*v - 14, -2*o = 5*v + 26. Let d be (-4)/o + (-43)/(-9). Let u = d + -5. Let c(r) = r**3 + r + 7. Determine c(u).
7
Let y(d) = -2*d**3 - 84 + d**3 + 110 + d**2. Give y(0).
26
Let n(i) be the third derivative of -i**7/5040 + i**6/720 + i**5/30 + i**2. Let f(h) be the third derivative of n(h). Give f(-3).
4
Let m be ((-16)/(-24) - 4)*(-6)/4. Let p(r) = r**3 - 5*r**2 + 2*r - 2. Determine p(m).
8
Suppose 30 = -18*c - 24. Let l(r) be the third derivative of -r**6/120 - r**5/15 - r**4/12 - r**3/3 - r**2. Give l(c).
-5
Suppose -31 = -4*i - 3*d, d - 5*d + 32 = 3*i. Let z(g) = 3*g**2 - 6*g - 1. Let t(a) = -13*a**2 + 24*a + 6. Let n(m) = 2*t(m) + 9*z(m). Give n(i).
-5
Let o(n) = n**3 + 5*n**2 - n + 4. Suppose 0*v = v. Let s(g) = g**3 + 7*g**2 - g - 2. Let m be s(-7). Let k = v - m. Give o(k).
9
Let x(c) = -4*c**2 - 20 + 6*c**2 + 19 - 2*c. What is x(-1)?
3
Let h = -1 + 7. Let p(y) = -y + 9. Let a be p(h). Let c(s) = -s**3 + 2*s**2 + 3*s + 1. Calculate c(a).
1
Let u(g) = -g**2 - g + 1. Let v be 24/40*(-1 + -4). Let f be u(v). Let i(r) = -r - 1. What is i(f)?
4
Let g(i) = -1 - 3*i - 7 + 11 - 6 - i**2. What is g(-5)?
-13
Let s = -3 - -3. Let c be (1/(-3)*s)/(-2). Let m(g) = g**2 + g + 3. Let b be m(c). Let o(i) = -i**2 + 6*i - 3. What is o(b)?
6
Let s(z) be the first derivative of z**7/840 - z**6/360 + 2*z**3 + 3. Let g(w) be the third derivative of s(w). What is g(0)?
0
Let v(i) = 1. Let z(y) = y + 5. Let n(d) = -4*v(d) + z(d). Suppose 4*m - 24 = -0*m + 3*j, -4*j = 0. Determine n(m).
7
Let q(h) = h + 8. Let x(a) = a + 9. Let m(y) = -y - 1. Let i be m(5). Let b(u) = i*q(u) + 5*x(u). Give b(3).
-6
Let y(c) be the third derivative of -c**4/24 + c**2. Determine y(-7).
7
Let x(v) = v. Let d = -2 - -4. Suppose -d*h = -3 + 9. Give x(h).
-3
Suppose 0 = -4*b + 18 - 2. Let q(c) be the third derivative of 1/6*c**4 + 0 - 1/60*c**5 + 0*c**3 + 0*c + c**2. Give q(b).
0
Let c = -2 + 0. Let d(y) = y + 1. Let n(w) = -w**2 + w - 4. Let f(j) = 2*d(j) - n(j). Let m(a) = -a**2 - a - 6. Let g(i) = c*m(i) - 3*f(i). Calculate g(0).
-6
Suppose 4*f + q + 3*q - 24 = 0, 59 = 4*f - 3*q. Let m(c) = c**3 - 10*c**2 - 12*c + 13. What is m(f)?
2
Let t(l) be the second derivative of l**5/20 + l**4/12 - l**3/3 + l. Give t(2).
8
Suppose 0 = 4*i - 2*d - 12, -8*i + d + 12 = -3*i. Let l be i/3*33/2. Let y = 7 - l. Let f(q) = q**3 + 4*q**2 + 2*q + 1. Give f(y).
-7
Let t = 6 + -4. Let x(k) = -t*k**2 + 4*k**3 - 2 - 6*k**3 + 3. Let l(j) = -j**3 - 2*j**2 - j + 2. Let p(b) = 2*l(b) - 3*x(b). Calculate p(1).
5
Let r(t) = -7*t**2 - 2*t - 1. Let p = -17 - -16. What is r(p)?
-6
Let t(d) = 5*d + 1 - 5*d + d**2 + 0*d. Determine t(-3).
10
Let k(j) = j**3 - 27*j**2 + j - 30. Let y be k(27). Let s(o) = -o**2 - o + 3. Calculate s(y).
-3
Suppose 3*m = 6*m - 27. Let o(u) = -m*u + 15*u - 10*u. Give o(3).
-12
Let n(a) be the first derivative of -a**3/3 - 5*a**2/2 + 3*a - 1. Suppose 0 = -w + 2*w + 32. Let d be (3/2)/(12/w). What is n(d)?
7
Let s(j) be the second derivative of -j**4/6 + 2*j**3/3 + 3*j**2 + 3*j. Let u(c) = c**2 - c. Let n(g) = s(g) + 3*u(g). Determine n(0).
6
Let a(c) = 3*c + 2*c - 2 - 2*c. Let o(n) = -7*n + 4. Let u(k) = 5*a(k) + 2*o(k). Calculate u(2).
0
Let f(a) be the second derivative of a**4/12 + a**3 + 7*a**2/2 + a. Let y be 2/3 - 80/12. What is f(y)?
7
Let a(q) = -6*q**2 + 11*q - 16. Let c(g) = g**3 + 6*g**2 + 7*g - 1. Let p be c(-5). Let x(f) = f**2 - 2*f + 3. Let j(v) = p*x(v) - 2*a(v). Determine j(1).
0
Let t = -11/42 - -3/7. Let u(w) be the second derivative of w + 0*w**2 - t*w**3 + 0. Calculate u(-3).
3
Let s = -9 - -13. Suppose 0 = a - s*a + 6. Let l(p) = -5*p + 0 + 2 - p**3 - 5*p**a - 2. What is l(-4)?
4
Let j(t) = t**3 + 4*t**2 - t + 4. Let d = 6 + -2. Suppose -2*k - d*c - 8 = -4, -2*k + 4*c = -36. Suppose m = -m - k. Determine j(m).
8
Let s(r) = -r**3 + 2*r**2 + r. Let j be 388/12 + (-4)/(-6). Suppose 3*c = 5*t + 31, 5*c - c = 5*t + j. Give s(c).
2
Let v(n) = 1 + 1 + n**2 + 1 - n. Suppose 31 + 5 = 4*h. Suppose 4*w = w + h. Determine v(w).
9
Suppose -9*x + 24 = -3*x. Suppose v + 2 + x = 0. Let t(f) = -f - 8. Give t(v).
-2
Suppose 8*k - 30 = -2*k. Let c(w) = w**2 - 6*w + 3. Give c(k).
-6
Let k be 6 + -5 + (2 - -2). Let b(d) = -4*d - 1 - 4 - 3*d**2 + d**3 - d**2. Give b(k).
0
Let f(m) = -2*m + 3*m + 0*m. Determine f(-5).
-5
Let o(v) = 26*v**3 - 8*v**2 - 8*v - 8. Let i(w) = -9*w**3 + 3*w**2 + 3*w + 3. Let d(b) = -8*i(b) - 3*o(b). Calculate d(1).
-6
Let x(w) be the first derivative of w**3/3 - 4*w + 18. What is x(-3)?
5
Let n(i) = -5*i**2 - 11*i. Let s(y) = -y**2 - y + 1. Let m(u) = n(u) - 4*s(u). What is m(-6)?
2
Let p(q) = q**3 - q**2 - 2*q. Suppose 5*g + 4 = 3*b - 0*b, b = 5*g + 8. Determine p(b).
-8
Let h(t) = 4*t + 1. Suppose 0 = -z - 5*z + 6. Determine h(z).
5
Let j(o) = -o**2 + 6*o - 2. Suppose -4*k = -3*h - k, k + 10 = 3*h. Determine j(h).
3
Let u(p) = 3*p**2 + 0 - 4*p + 4 - 4*p**3 + 3*p**3. Let d = -16 + 25. Suppose -4*n + n + d = 0. Determine u(n).
-8
Let x = -24 + 26. Let m(q) be the third derivative of 0*q + 0 + 5/24*q**4 + 1/2*q**3 + 1/60*q**5 - q**x. What is m(-2)?
-3
Suppose -5*v = -2*v - 12. Let p(q) = -v - q**2 - 5*q - 5*q**2 + 5 + 5*q**2. Let k be -2 - -1 - 6 - -2. Calculate p(k).
1
Let g(x) be the third derivative of x**5/15 + x**3/6 + 2*x**2. Let z be (0 + -2 - -2) + 0. Let i = z + 1. Calculate g(i).
5
Let h(f) be the third derivative of -1/30*f**6 + 0 + f**2 + 1/6*f**3 + 1/60*f**5 - 1/24*f**4 + 0*f. Give h(1).
-3
Let a(z) = -z**3 + 6*z**2 - 6*z + 2. Let m = 28 + -23. Determine a(m).
-3
Let l(n) = -2*n**3 - n**2 + 2*n - 9. Let w(v) = v**3 - v + 5. Let g(s) = -3*l(s) - 5*w(s). Let o = 11 + -7. Let t = o + -8. What is g(t)?
-10
Let s be -6 - 1*(5 - 5). Let n(i) = 8*i + 11 + i**2 - 1 - 1. Determine n(s).
-3
Let f(j) be the second derivative of -j**3/3 - 5*j. Let b be f(1). Let c(d) = d. Let t(r) = -8*r - 3. Let m(p) = 4*c(p) + t(p). Calculate m(b).
5
Let l(g) = 2*g**2 - 3*g - 1. Let q be (2 - 0)/(2/(-1)). Let j(b) = 1. Let x(p) = q*l(p) - 3*j(p). Determine x(2).
-4
Let v(l) = 2*l**3 - 3*l**2. Let o be v(2). Let t(i) = 2215*i - 1 - 2211*i - 5 - i**2. Calculate t(o).
-6
Let j(h) = -h**3 + h**2 - 2*h + 1. Let q = -30 - -31. Determine j(q).
-1
Suppose -2*s + 13 = -3. Suppose 0 = -2*a - 2*a + s. Let o(u) = 4*u**a - u - 3 + 0*u - u - u**3. Give o(3).
0
Let w(l) be the second derivative of -l**7/420 - l**6/180 - l**4/12 - l**3/6 - l. Let h(n) be the second derivative of w(n). Let o = 2 + -4. Give h(o).
6
Let y(q) = -2 - 2*q - 234*q**3 - 2 + 6*q**2 + 235*q**3. Calculate y(-6).
8
Let i(p) = p + p + 0*p. Let q be ((-3)/(-2))/((-6)/(-8)). Give i(q).
4
Suppose 0*s - 4 = -2*s. Suppose -3*m = 2*m - 4*t - 21, 3*m - t - 7 = 0. Let g(b) = m + s*b - 2*b - b. Determine g(-4).
5
Let f(j) be the second derivative of -j**4/12 + 3*j**3/2 - 7*j**2 + 4*j. Let r be f(7). Let c(k) = k - 1. What is c(r)?
-1
Suppose -2*k + 25 = 3*k. Let m(p) be the third derivative of p**7/5040 - p**6/360 - p**5/10 - 3*p**2. Let r(t) be the third derivative of m(t). Give r(k).
3
Suppose 0 = -5*u + 54 - 9. Let m(v) = v - 13. Calculate m(u).
-4
Suppose 40*l - 6 = 41*l. Let w(u) = -2*u + 2. Determine w(l).
14
Let j(w) = 2*w - 7. Let o = -24 - -40. Suppose -2*n + o = -6. Suppose -2*z = -1 - n. Calculate j(z).
5
Let p(h) = 20 - h**2 - 11 - 7 + 3*h - 5. Calculate p(4).
-7
Suppose -2*x + 7 = -3*q, -5*q + 2*x = 5*x - 1. Let d(u) = -6*u**3. Determine d(q).
6
Let h(i) = -i**2 - 4*i + 7. Let x be h(-5). Suppose 2*a - 3*a + x = 0. Let j(o) = 3*o + 1 - a + 0 + 0. Determine j(-1).
-4
Let h(r) = 0*r**2 + 4*r**2 - 9*r**2. Calculate h(1).
-5
Let l(m) = -m**2 + m + 1. Let v = 24 + -24. Give l(v).
1
Let a(f) = -f + 5. Let i be a(6). Let q = i - -7. Let y(t) = -t**2 + 7*t - 9. Determine y(q).
-3
Let h(s) = -s**2 + s - 6. Let i(r) = 2*r**2 - 2*r + 13. Let z(b) = -13*h(b) - 6*i(b). Suppose 0 = 3*w - 4*w + 5*u - 16, -3*u + 4 = 5*w. Give z(w).
2
Let j be 1 + (-1 - 1) + -1. Let r(d) be the second derivative of d**5/20 + d**4/6 + 2*d**3/3 + d**2 - d. Calculate r(j).
-6
Suppose -3*o + 2*o = 4. Let c(b) = -3*b - 3. Let m(h) be the first derivative of -3*h**2 - 5*h - 4. Let s(q) = 5*c(q) - 2*m(q). Determine s(o).
7
Let l(c) be the first derivative of 2*c**3/3 - c**2/2 + 3. Let